of y?
3
Suppose 0 = -3*v + 5*n + 27, -3 + 11 = 5*v + 4*n. Suppose -y = y - 2*k + v, 5*k - 10 = 4*y. Suppose -4*o + 55 + 53 = y. What is the tens digit of o?
2
Let v(x) = 3*x**2 + 3*x + 2. Let d be v(-1). Suppose -16 = 4*i, -w + d*w + i - 6 = 0. What is the tens digit of w?
1
Let h(q) = -q**3 - 10*q**2 - q - 8. Let p be h(-10). Suppose p*a - 2 - 12 = 0. Let k = 38 - a. What is the tens digit of k?
3
Let x be (-4 + -2)/(((-9)/(-76))/3). Let j = 234 + x. What is the units digit of j?
2
Let j = 138 - -329. What is the hundreds digit of j?
4
Suppose 9*d - 128 = 5*d. Let y = d + -3. What is the tens digit of y?
2
Suppose 21 = -4*o - 131. Let b = o + 68. What is the units digit of b?
0
Suppose -4*r - 474 = -118. Let a = r + 149. What is the units digit of a?
0
Let k be (-22)/4*(-4 + -18). Suppose 0 = -3*l + k + 122. Let x = l + -52. What is the tens digit of x?
2
Let r(q) = -q**3 + 7*q**2 - 15*q + 4. Let x be r(7). Let d = x + 212. What is the hundreds digit of d?
1
Let x(v) = -8*v - 133. What is the tens digit of x(-30)?
0
Let f(t) = 3*t**2 + 81*t + 21. What is the units digit of f(15)?
1
What is the units digit of (3 - -10765)*8/32*2?
4
Let c be ((-14)/4)/7*-2. Let s be (-109)/(-3) - c/3. Let d = -22 + s. What is the units digit of d?
4
Let k = 4 - 0. Let m be (-2)/4 - (-82)/k. Suppose 3*a - 70 = -a - 2*c, 0 = -4*c - m. What is the tens digit of a?
2
Let r = -58 - -54. What is the units digit of (-69)/r - (-6)/(-24)?
7
Let s(f) = f + 5. Let l be s(-3). Suppose 85 = 4*a - c, 5*a - l*c = 33 + 77. What is the tens digit of a?
2
Suppose o + 7 = -n, -4*n = 3*o - 9 + 32. What is the units digit of 13/(-2 - -3)*(10 + o)?
5
Suppose 0 = z, 2*d - 4*z = -d + 96. Suppose 5*q = 48 + d. Suppose 4*a - 3*a = q. What is the units digit of a?
6
Let o be 399/2*10/15. Suppose -384 = -3*i - a, -5*a = -3*i + 251 + o. What is the hundreds digit of i?
1
Let j = -87 - -84. What is the units digit of (8/((-32)/j))/((-1)/(-28))?
1
Let c(b) = -b - 7. Let s be c(-12). Suppose -2*f = 4*q - 640, -2*q + 248 = s*f - 80. What is the units digit of q?
9
Suppose z - 1 = -5*p, -2*p - 4*z - z + 5 = 0. Suppose p*q + 10 = q. Suppose -5*l - q = -5*d, 0*d + 4*d = -3*l + 43. What is the units digit of d?
7
Let w = -994 + 1749. What is the units digit of w?
5
Let o(v) = -13*v + 1. Let c(m) = 7*m - 1. Let x(p) = -7*c(p) - 4*o(p). What is the units digit of x(2)?
9
Let m(c) be the second derivative of -2/3*c**3 + 2*c + 0 + 1/12*c**4 + 1/2*c**2. What is the units digit of m(-3)?
2
Suppose 9*s = 2*s - 42. What is the hundreds digit of ((-10)/s + -1)*165?
1
Let x(w) = w**3 + w**2 + 16. Suppose 3*q - q = 0. Let y be x(q). Suppose 5*c = s - y + 81, 0 = 2*c + 3*s - 9. What is the tens digit of c?
1
Suppose -5*p = 5*n - 400, 2*p + 5*n - n - 150 = 0. Suppose 4*d = 3*z - 130, 4*z - 95 - p = 4*d. What is the tens digit of z?
5
Suppose 5*y + 0*y + o + 320 = 0, -5*y - 315 = 2*o. Let u = -40 - y. What is the units digit of u?
5
Let u(q) be the first derivative of -63*q**2 + 7*q + 25. What is the tens digit of u(-1)?
3
Suppose -3*y + 2 = -7. Suppose -k = -0*k - y. Suppose k*d - 22 = 4*v + 14, 0 = 3*d - 2*v - 30. What is the units digit of d?
8
Suppose 0 = z - 727 - 4153. What is the thousands digit of z?
4
Let s(g) be the first derivative of -6*g**2 + 6*g - 6. Let i be s(-6). Suppose 4*c - i = -3*y, -5*y + 3*c + c + 98 = 0. What is the tens digit of y?
2
Suppose -4*b = 3*l - 3637, -l + 2427 = l + 5*b. What is the thousands digit of l?
1
Let i(s) = -s**2 - 4*s - 10. Let c(b) = -b**2 - 5*b - 9. Let d(q) = 5*c(q) - 4*i(q). Let l be d(-8). Suppose -2*z - l*z = -100. What is the units digit of z?
0
Let c = -7736 + 12344. What is the hundreds digit of c?
6
Suppose 0 = 5*v - 25, 5*n - 10*n = -3*v - 745. Let s = n + -23. What is the hundreds digit of s?
1
Suppose 2929 = 11*w + 850. What is the units digit of w?
9
What is the units digit of 2378/(11/((-22)/(-4)))?
9
Let g(s) = 482*s**2 - 104*s + 10. What is the hundreds digit of g(3)?
0
Let p be -4*1*4/(-8). Let j(x) = 2*x. Let v be j(p). Suppose 13 = f - v*d - 66, 2*d = -4*f + 226. What is the tens digit of f?
5
Let v(k) = 39*k - 10. What is the tens digit of v(24)?
2
Let y be -1 - (-316)/16 - (-9)/(-12). Suppose -d - y + 23 = 0. What is the units digit of d?
5
Suppose -85*o - 50415 = -303630. What is the thousands digit of o?
2
Let m(t) = 8*t + 969. What is the units digit of m(0)?
9
Let x be (-2)/4*(9 - 1)*-2. Suppose c = 4*m + 49, -x*c + 3*c - 2*m = -311. What is the units digit of c?
1
Let h = 421 + 2582. What is the thousands digit of h?
3
What is the thousands digit of ((-5)/(-20))/((-4)/(-20208))?
1
Let y = 4377 - 2064. What is the tens digit of y?
1
Let w be -2 + 8/6 - 6/18. What is the units digit of (w - 0 - -5) + 112?
6
Let v = 220 + 606. What is the units digit of v?
6
Let i be (2*(-18)/12)/(6/(-56)). Suppose w + 2*t = 111 - i, 429 = 5*w + 3*t. What is the tens digit of w?
8
Let f be ((-99)/44)/((-3)/8). Suppose -n = -2*q + 4, 0*n = 3*q + n - f. Suppose -7*b + 110 = -q*b. What is the units digit of b?
2
Suppose 3*s + 12 = -3*m, -4*m + 4*s = -26 + 10. Suppose m = -d, -3*q + d + 204 = -3*d. What is the units digit of q?
8
Let i be (-15)/(-1)*(8 - -4). Suppose 0*n = -2*n + i. Suppose 0*o = -2*o + n. What is the tens digit of o?
4
Let t(v) = v. Let g(n) = 7*n - 9. Let p(u) = -2*g(u) + 18*t(u). What is the tens digit of p(12)?
6
Let x(f) = 56*f + 13. Let b be x(13). Let s = b + -524. What is the units digit of s?
7
Let q = 37 - 25. Let u be 20/7*(-77)/(-22). Let m = q - u. What is the units digit of m?
2
Let t(c) = 4*c**3 - c. Let o be t(1). Suppose -5*v - 17 = -x, 3*v + o*x + 1 = 5*v. What is the units digit of (v - -1) + 3 + 5?
5
Suppose 0 = 6*b - 5*b - 57. Let n be (b/(-3))/(3/(-15)). Suppose 2*u - n = -3*u. What is the tens digit of u?
1
What is the units digit of (-6)/(11/(-55) + (-633)/(-3195))?
5
Let g be (((-36)/(-15))/(-2))/(2/(-335)). What is the hundreds digit of g + -2 - (4 - 6)?
2
Suppose -2*d + 20 = -d. What is the tens digit of 8/d - 1592/(-20)?
8
Suppose 2*t - 5*f = 10, 3*t = 3*f - f - 7. Let k be 1*0*t/25. What is the tens digit of -32*(2 + -3 + k)?
3
Suppose 5*v = 3*v + 36. Let d = v - 10. Suppose 0 = -4*t + d, t + 19 = b + 2*b. What is the units digit of b?
7
Let l(h) = 6*h**3 - 3*h**2 - 9*h + 1. What is the units digit of l(4)?
1
Suppose -18 = -t - 4*j, t - 5*j + 3 = -15. Suppose 2*i + 2*i + s = 15, 0 = t*i - s - 3. What is the units digit of 20 - 8 - (1 - i)?
4
Suppose -2*y = -j + 375, 4*j + 370 = 5*j + 3*y. What is the units digit of j?
3
Suppose 18 - 6 = a + 3*w, 8 = a + 2*w. What is the units digit of 0 + a + -4*(-126)/24?
1
Suppose 2*z = 5*b - 79, -6*b + 2*b + 5*z = -70. Suppose y + b = 6*y. Suppose 7*s = y*s + 8. What is the units digit of s?
2
Let w = 5 + 1. Let m be (w/(-10))/((-1)/5). Suppose -5*q = 4*h - 61 - 239, m*h - 198 = 3*q. What is the units digit of h?
0
Suppose -3*p + p = -2*d + 14, 29 = -4*p + 5*d. What is the tens digit of 2/(-60)*p - (-224)/5?
4
Let t = 5 - 2. Let x(n) = 5*n**2 - 4*n + 1. What is the units digit of x(t)?
4
Suppose 4*j - 3*v + 2*v = 207, -3*j - 2*v + 169 = 0. Suppose o + 376 = 4*t, -2*t + 3*o + 2*o + 170 = 0. Let c = t - j. What is the units digit of c?
2
Suppose -9 = -j + 43. Suppose j = -16*l + 20*l. What is the units digit of l?
3
Let k = 542 + -231. What is the hundreds digit of k?
3
Suppose -3*s - 233 = -6*s - d, -5*d = -4*s + 336. Suppose -s = -4*o + 17. Let p = -6 + o. What is the units digit of p?
8
Let x be (-12)/15*(-50)/4. What is the units digit of 160 - ((-12)/30 - (-4)/x)?
0
Suppose -n = -o - 0*o + 3, -14 = 4*n - 5*o. Let l be 74 - (3 - (n + 4)). Suppose -6*v + 4*v = -l. What is the tens digit of v?
3
Let i(z) = -z**3 + 11*z**2 + 4*z - 8. Let k(p) = -p**3 + 4*p**2 + 2*p + 3. Let r be k(4). Let a be i(r). What is the units digit of 1*4*27/a?
3
Let q(y) = y**2 - 5*y - 35. Let o be q(-9). Let x = 175 - o. What is the tens digit of x?
8
Let h(j) = -62*j**3 - 124*j**2 - 2 - 71*j**3 + 125*j**2. What is the tens digit of h(-1)?
3
What is the tens digit of 4326/(-35)*30/(-9)?
1
Let q(o) = 2*o**2 - 14*o + 25. What is the tens digit of q(8)?
4
Let o(m) = -m - 4. Let l be o(-9). Suppose -q - 11 = -l*t, -5*t + 8 = -5*q - 7. Suppose t*r - 34 = r. What is the units digit of r?
4
Let l = 11 - 9. S